f + 4. Let o be q(-6). Suppose 3*a - 44 = o. What is the units digit of a?
0
Let n = 2 + -9. Let t(f) = -f**2 - 7*f + 5. Let b be t(n). Suppose -3*s = -2*s - b. What is the units digit of s?
5
Suppose -3*q - w + 805 = 0, 8 = -w + 3. What is the hundreds digit of q?
2
Let x be -10*1/(-2) - 1. Suppose -4*u + 128 = 3*w - 6, x*u + 94 = 3*w. What is the units digit of w?
8
Let b be ((-6)/(-9))/(2/9). Suppose -21 = -4*z - 0*h + h, -5*h - 37 = -b*z. Suppose 29 = m - z*y, 0 = 5*m - 5*y - 10 - 105. What is the units digit of m?
1
Suppose -1 = 4*s + 27. Let q(n) = -n**2 - 7*n + 9. What is the units digit of q(s)?
9
Suppose -6*j = -j. Let p = j + 2. What is the units digit of p?
2
Let n = 42 - 25. Suppose -j + 2*j = n. What is the tens digit of j?
1
Suppose 108 = -2*d + 4*d. Suppose 0 = r + 2*r - d. Suppose r = 3*p - p. What is the units digit of p?
9
Suppose -a + o = -5*a - 39, -2*a + o = 15. What is the tens digit of ((-70)/(-21))/((-1)/a)?
3
Let l = 5 - 1. What is the units digit of -9*(l + -1)/(-3)?
9
Let g = -60 - 15. What is the tens digit of g/(-10)*(-8)/(-6)?
1
Suppose 7*z - 4*z - t = 0, 3*t = -4*z. Suppose -3*k = -z*k. Suppose 2*s + s - 30 = k. What is the tens digit of s?
1
Let h be (-3)/4 + 94/8. Suppose -2*q - h = -s - 5, 4*q = -16. What is the units digit of -3 + 1 + s + 5?
1
Suppose 3*j - 3 = -4*v, 0 = j - 5*v - 11 - 9. Let m = -1 + j. What is the units digit of m?
4
Suppose -4*v = v. Suppose l - i - 8 = v, 6 = 3*l + i - 6. What is the units digit of l?
5
Let a(i) = 4*i - 17. What is the units digit of a(9)?
9
Let p = 7 + -6. Let t(o) = 33*o - 3. What is the tens digit of t(p)?
3
Let p(n) = -n**2 + 7*n + 9. Let k be p(6). What is the tens digit of 189/k - 4/(-10)?
1
Let z(i) = 26*i**2 + 5*i - 7. What is the hundreds digit of z(2)?
1
Let u(w) = w**2 + 6*w + 5. Let a(s) = 2*s**2 + 7*s + 5. Let n(l) = 2*a(l) - 3*u(l). Let d be n(-4). Suppose -3*h + 3 + d = 0. What is the units digit of h?
0
Let k = 8 - 5. Suppose 0 = -0*t - k*t + 30. What is the units digit of t?
0
Suppose -2*w + 24 = 2*r + 3*r, 3*w = 6. Suppose 0 = r*u - 8*u + 28. What is the units digit of u?
7
Let h(z) = -2*z + 11. What is the units digit of h(-4)?
9
What is the tens digit of (3/9)/(1/51)?
1
What is the units digit of ((-36)/(-8))/((-1)/(-10))?
5
Let m = 39 + -28. Let w be 1/2 + 49/14. Let j = m - w. What is the units digit of j?
7
Let v(c) = 175*c - 13. What is the units digit of v(2)?
7
Let c = 1 - -14. Suppose 0 = 5*u - 95 - c. What is the units digit of u?
2
Let f = 1 - 3. What is the units digit of (-28)/(-6)*(-3)/f?
7
Let k = -5 + 28. Suppose 5*m - 55 = 5*p, 5*p - p - m + 35 = 0. Let q = p + k. What is the units digit of q?
5
Suppose -4*m = 3*s - 15, 2*m + 0*s = -4*s. Let g(j) = j**2 - 5*j + 3. Let d be g(m). Suppose 3*p + d = -3*n, 0 = -n + 3*n + p + 1. What is the units digit of n?
2
Let q = 37 + 35. What is the tens digit of q?
7
Let s(q) be the third derivative of q**6/180 - q**5/30 + q**4/8 - q**3/6 - q**2. Let d(n) be the first derivative of s(n). What is the units digit of d(2)?
3
Let v = 12 + 107. What is the units digit of v?
9
Let k = 44 - 8. What is the tens digit of k?
3
Let x(h) = -h**3 - 9*h**2 + 6*h + 14. Let l be x(-10). Suppose -11 - 1 = -4*n. Suppose -6*b + n*b + l = 0. What is the units digit of b?
8
Let c(j) = -35*j**3 + j**2 + 2*j + 1. Suppose -16 = 4*x, 4*n + x = -0*n - 8. What is the units digit of c(n)?
5
Suppose 5*x - 31 = -3*a + 7*a, -a = -2*x + 10. What is the tens digit of (9/4)/(x/24)?
1
Suppose -4*j + 2*d - 139 - 93 = 0, 0 = 5*j - 5*d + 280. Let k = j - -90. What is the tens digit of k?
3
Suppose -4 = -j - 2. Suppose x = j*x - 6. Suppose -s + 3*s = x. What is the units digit of s?
3
Let w(y) = 2*y. Let p(v) = 7*v. Let a be p(1). What is the tens digit of w(a)?
1
Suppose -15 = -5*i, 2*o - 2*i = -i + 1. Let j(v) = -o - 1 + v + 6*v. What is the units digit of j(2)?
1
Suppose -4*j + 9 = 3*y, -j + 12 = -2*j + 4*y. Suppose 5*i - 4 = -3*w + 4*i, j = 4*w + 5*i - 9. What is the units digit of w?
1
Suppose 4*o + 3 = -9. Let s be 18*(1 + (-5)/3). What is the units digit of 10/o*s/5?
8
Let j(h) = 1 - h - 2 - 4. What is the units digit of j(-14)?
9
Suppose 4*k - 11 = 5. Let o(b) = -2*b**2 - 2*b**3 + b**3 - 3 + 5*b**2 - 2*b + k. What is the units digit of o(1)?
1
Suppose -4*x + 9 = 2*h - x, 0 = -2*h + 2*x + 4. Suppose 0 = -4*s + h + 13. What is the units digit of s?
4
Suppose 4*l + 3*t = 931, 7*t - 5*t - 930 = -4*l. What is the tens digit of l?
3
Let q(c) = 2*c**2 - 5*c**2 + 3*c**3 + 2 + 0 + 2*c. What is the tens digit of q(2)?
1
What is the units digit of 166/(2 - -2 - 2)?
3
Let w = 10 + -8. Suppose -w*q - 8 = -38. What is the units digit of q?
5
Suppose 0 = -6*p + 4 + 2. What is the units digit of p?
1
Suppose 70 = -3*p - 4*l, -2*p = -2*l + 8 + 20. Let u = p + 11. Let i = u - -14. What is the units digit of i?
7
Suppose 3*g - g = 8. Let d be (-6)/2 - -7*1. Suppose -d*x + 20 = 4*z, 5*z - 2*z - 17 = -g*x. What is the units digit of x?
2
Let k(m) = m**3 - 2*m**2 + 2*m + 4. What is the tens digit of k(5)?
8
Let y(d) = -d**2 + 7*d. Let o be y(6). Let n = -1 + o. What is the units digit of n?
5
Let s be (-6)/2*1*-2. Suppose -5*d = -s + 1. What is the units digit of d?
1
What is the units digit of (2 + (-249)/(-12))*(11 + -3)?
2
What is the units digit of ((-30528)/(-22))/9 + 4/(-22)?
4
Suppose 10 = -19*k + 20*k. What is the tens digit of k?
1
Suppose -24 = -8*c + 344. What is the units digit of c?
6
Suppose t - 8 = -6. Suppose -4*p + 58 + t = 0. What is the units digit of p?
5
Let v = -76 + 50. Let u = 11 + v. What is the units digit of (6/9)/((-2)/u)?
5
Let k(c) = -c**3 - 4*c**2 + 4*c - 7. Let o be k(-5). Let d be 1 - o*3/6. Suppose -d*v - 3*v = -35. What is the units digit of v?
7
Suppose -n + 4*n = 0. Suppose 2*p - b + 3*b = -6, -5*p = -5*b - 5. Let t = n - p. What is the units digit of t?
1
Suppose 0*z - 1264 = -4*z. What is the units digit of z?
6
Let h be 10/25 - 398/(-5). Suppose 0 = -5*g - 0*g + h. What is the tens digit of g?
1
Suppose 14*g - 618 = 12*g. What is the hundreds digit of g?
3
Suppose 13 = -2*j + 33. What is the tens digit of j?
1
Let a = 70 + -99. Let c = a + 78. What is the units digit of c?
9
Suppose 2*d - 10 = 0, 4*v - 2*d + 445 = 7*v. What is the units digit of v?
5
Let j(m) = -m**3 + 6*m**2 + 2. Let b be j(6). Suppose -3*l = b*l - 120. What is the units digit of l?
4
Let l = 26 + -16. Let p = l - 19. Let w = p + 18. What is the units digit of w?
9
Suppose -4*n = -4*h + 396, 0*n + 475 = 5*h + 5*n. Suppose -27 = v - h. Suppose 20 = -4*d, 3*w - 3*d - v = -2*w. What is the tens digit of w?
1
Suppose -16 = 5*c - 3*c. Suppose 7*g - 2*g - 76 = -4*w, g - w - 17 = 0. Let x = c + g. What is the units digit of x?
8
Suppose -4*t + 1 + 11 = 0. Let d be ((-4)/(-3))/(2/t). Suppose 2*f = -d, -5*v + 35 = 5*f + 10. What is the units digit of v?
6
Let p = -27 - 20. Let s = -26 - p. Suppose 3*x - 24 - s = 0. What is the units digit of x?
5
Let j be (-2)/(-6) + 10/(-30). Suppose 0 = -d + 3*f + 14, f - 2 + j = 0. What is the tens digit of d?
2
Let i(f) = 24*f + 2. What is the tens digit of i(1)?
2
Suppose 3*h - 4*h = 0. Suppose b + h*b = 0. Suppose 3*y - 19 + 1 = b. What is the units digit of y?
6
Let m(y) = y - 8. Let g be m(10). Let r(n) = -n + 1 + n**3 - 4*n**2 + g*n**2 + 4*n**2. What is the units digit of r(-2)?
3
Let o be (-2 + 3)/(1/(-4)). Let a be 2/o - 117/(-6). Suppose -s + 3*x = -21, s = 2*s + 5*x + a. What is the units digit of s?
6
Let t(a) = -2*a**2 + 3*a + 1. Let p be t(-4). Let v = p + 72. What is the units digit of v?
9
Suppose -2*o = x - 89, o + 2*x + 209 = 6*o. What is the tens digit of o?
4
Suppose 3*x = -5*m - 46, x = -0*x - 2. Let n(c) = c**2 + 8*c. Let a be n(m). Suppose 2*w - 11 - 7 = a. What is the units digit of w?
9
What is the units digit of 1 + 12/(-9) - (-618)/18?
4
Let a(q) = q**3 - 5*q**2 + 6*q + 21. What is the hundreds digit of a(8)?
2
Suppose -4*i + 2*i = -30. Suppose r = -2*r + i. Let h = 11 - r. What is the units digit of h?
6
Let v = 7 + 6. What is the tens digit of v?
1
Suppose 3*y - 2*y - 57 = 0. Let w = -35 + y. What is the units digit of w?
2
Suppose 3*s + m + 14 = -3*m, -20 = 3*s - 2*m. Let f(q) = -q - 9. Let z be f(s). What is the units digit of 2/z*(-9)/6?
1
Let k be 1/(-3 + 2)*7. Let x = k + 13. What i